{"id":8475,"date":"2024-06-25T02:18:55","date_gmt":"2024-06-25T02:18:55","guid":{"rendered":"https:\/\/construccionessaresa.com\/?page_id=8475"},"modified":"2024-07-02T23:44:08","modified_gmt":"2024-07-02T23:44:08","slug":"servicios-de-gremio","status":"publish","type":"page","link":"https:\/\/construccionessaresa.com\/index.php\/servicios-de-gremio\/","title":{"rendered":"Servicios de gremio"},"content":{"rendered":"<p>[et_pb_section fb_built=\u00bb1&#8243; _builder_version=\u00bb4.25.2&#8243; _module_preset=\u00bbdefault\u00bb background_image=\u00bbhttps:\/\/construccionessaresa.com\/wp-content\/uploads\/2024\/06\/Servicios.png\u00bb custom_padding=\u00bb156px||142px|||\u00bb global_colors_info=\u00bb{}\u00bb][et_pb_row column_structure=\u00bb3_5,2_5&#8243; _builder_version=\u00bb4.25.2&#8243; _module_preset=\u00bbdefault\u00bb global_colors_info=\u00bb{}\u00bb][et_pb_column type=\u00bb3_5&#8243; _builder_version=\u00bb4.25.2&#8243; _module_preset=\u00bbdefault\u00bb global_colors_info=\u00bb{}\u00bb][et_pb_text _builder_version=\u00bb4.25.2&#8243; _module_preset=\u00bbdefault\u00bb header_font=\u00bbRoboto||||||||\u00bb header_text_color=\u00bb#FFFFFF\u00bb header_font_size=\u00bb57px\u00bb header_4_font=\u00bbRoboto||||||||\u00bb custom_margin=\u00bb||10px|||\u00bb global_colors_info=\u00bb{}\u00bb]<\/p>\n<h1>Servicios de gremio<\/h1>\n<p>[\/et_pb_text][et_pb_text _builder_version=\u00bb4.25.2&#8243; _module_preset=\u00bbdefault\u00bb text_font=\u00bbRoboto||||||||\u00bb text_text_color=\u00bb#FFFFFF\u00bb text_font_size=\u00bb27px\u00bb global_colors_info=\u00bb{}\u00bb]<\/p>\n<p>Servicios a tu alcance<\/p>\n<p>[\/et_pb_text][\/et_pb_column][et_pb_column type=\u00bb2_5&#8243; _builder_version=\u00bb4.25.2&#8243; _module_preset=\u00bbdefault\u00bb global_colors_info=\u00bb{}\u00bb][\/et_pb_column][\/et_pb_row][\/et_pb_section][et_pb_section fb_built=\u00bb1&#8243; _builder_version=\u00bb4.25.2&#8243; _module_preset=\u00bbdefault\u00bb global_colors_info=\u00bb{}\u00bb][et_pb_row _builder_version=\u00bb4.25.2&#8243; _module_preset=\u00bbdefault\u00bb custom_padding=\u00bb3px|||||\u00bb global_colors_info=\u00bb{}\u00bb][et_pb_column type=\u00bb4_4&#8243; _builder_version=\u00bb4.25.2&#8243; _module_preset=\u00bbdefault\u00bb global_colors_info=\u00bb{}\u00bb][et_pb_text _builder_version=\u00bb4.25.2&#8243; _module_preset=\u00bbdefault\u00bb header_4_font=\u00bbRoboto|700|||||||\u00bb header_4_text_align=\u00bbcenter\u00bb header_4_text_color=\u00bb#2f3b66&#8243; header_4_font_size=\u00bb66px\u00bb header_4_line_height=\u00bb1.2em\u00bb width=\u00bb100%\u00bb custom_margin=\u00bb25px||||false|false\u00bb hover_enabled=\u00bb0&#8243; header_4_font_size_tablet=\u00bb\u00bb header_4_font_size_phone=\u00bb35px\u00bb header_4_font_size_last_edited=\u00bbon|phone\u00bb inline_fonts=\u00bbAbel,Albert Sans\u00bb global_colors_info=\u00bb{}\u00bb header_text_color=\u00bb#2f3b66&#8243; sticky_enabled=\u00bb0&#8243;]<\/p>\n<h2 style=\"text-align: center;\"><span style=\"color: #2f3b66; font-size: xx-large;\"><b>Gremios Zaragoza: \u00a0Servicios de alta calidad<\/b><\/span><\/h2>\n<p>[\/et_pb_text][et_pb_divider color=\u00bb#2f3b66&#8243; divider_weight=\u00bb5px\u00bb _builder_version=\u00bb4.25.2&#8243; _module_preset=\u00bbdefault\u00bb width=\u00bb41%\u00bb module_alignment=\u00bbcenter\u00bb hover_enabled=\u00bb0&#8243; global_colors_info=\u00bb{}\u00bb sticky_enabled=\u00bb0&#8243;][\/et_pb_divider][et_pb_text _builder_version=\u00bb4.25.2&#8243; _module_preset=\u00bbdefault\u00bb text_font=\u00bbRoboto Condensed||||||||\u00bb text_text_color=\u00bb#000000&#8243; text_font_size=\u00bb20px\u00bb text_line_height=\u00bb1.8em\u00bb text_orientation=\u00bbcenter\u00bb width=\u00bb66.4%\u00bb module_alignment=\u00bbcenter\u00bb custom_margin=\u00bb-1px||39px|||\u00bb custom_margin_tablet=\u00bb-10px||||false|false\u00bb custom_margin_phone=\u00bb-10px||||false|false\u00bb custom_margin_last_edited=\u00bbon|phone\u00bb global_colors_info=\u00bb{}\u00bb]<\/p>\n<p style=\"text-align: justify;\">Creemos que cada cliente es \u00fanico y merece una atenci\u00f3n personalizada. Escuchamos tus necesidades y te ofrecemos soluciones a medida, que se <strong>ajustan a tu presupuesto y expectativas<\/strong>. Nuestro objetivo es superar tus expectativas y dejarte completamente satisfecho con el resultado final.<\/p>\n<p>[\/et_pb_text][\/et_pb_column][\/et_pb_row][\/et_pb_section][et_pb_section fb_built=\u00bb1&#8243; _builder_version=\u00bb4.25.2&#8243; _module_preset=\u00bbdefault\u00bb custom_padding=\u00bb8px||161px|||\u00bb global_colors_info=\u00bb{}\u00bb][et_pb_row column_structure=\u00bb1_3,1_3,1_3&#8243; _builder_version=\u00bb4.25.2&#8243; _module_preset=\u00bbdefault\u00bb width=\u00bb90%\u00bb custom_margin=\u00bb-83px|auto||auto||\u00bb global_colors_info=\u00bb{}\u00bb][et_pb_column type=\u00bb1_3&#8243; _builder_version=\u00bb4.25.2&#8243; _module_preset=\u00bbdefault\u00bb border_radii=\u00bbon|36px|36px|36px|36px\u00bb border_width_all=\u00bb2px\u00bb border_color_all=\u00bb#2f3b66&#8243; global_colors_info=\u00bb{}\u00bb][et_pb_image src=\u00bbhttps:\/\/construccionessaresa.com\/wp-content\/uploads\/2024\/06\/Thunder.png\u00bb title_text=\u00bbThunder\u00bb align=\u00bbcenter\u00bb _builder_version=\u00bb4.25.2&#8243; _module_preset=\u00bbdefault\u00bb width=\u00bb27%\u00bb custom_margin=\u00bb15px||||false|false\u00bb global_colors_info=\u00bb{}\u00bb][\/et_pb_image][et_pb_text _builder_version=\u00bb4.25.2&#8243; _module_preset=\u00bbdefault\u00bb header_font=\u00bbRoboto|700|||||||\u00bb header_2_font=\u00bb|700|||||||\u00bb header_2_text_color=\u00bb#2f3b66&#8243; global_colors_info=\u00bb{}\u00bb header_2_letter_spacing__hover_enabled=\u00bbon|desktop\u00bb]<\/p>\n<h2 style=\"text-align: center;\">Electricidad<\/h2>\n<p>[\/et_pb_text][et_pb_button button_url=\u00bbhttps:\/\/wa.link\/8x95za\u00bb button_text=\u00bbContratar\u00bb button_alignment=\u00bbcenter\u00bb _builder_version=\u00bb4.25.2&#8243; _module_preset=\u00bbdefault\u00bb custom_button=\u00bbon\u00bb button_text_color=\u00bb#FFFFFF\u00bb button_bg_color=\u00bb#2f3b66&#8243; button_border_radius=\u00bb30px\u00bb button_font=\u00bbRoboto||||||||\u00bb custom_margin=\u00bb-23px||55px||false|false\u00bb global_colors_info=\u00bb{}\u00bb][\/et_pb_button][\/et_pb_column][et_pb_column type=\u00bb1_3&#8243; _builder_version=\u00bb4.25.2&#8243; _module_preset=\u00bbdefault\u00bb border_radii=\u00bbon|36px|36px|36px|36px\u00bb border_width_all=\u00bb2px\u00bb border_color_all=\u00bb#2f3b66&#8243; global_colors_info=\u00bb{}\u00bb][et_pb_image src=\u00bbhttps:\/\/construccionessaresa.com\/wp-content\/uploads\/2024\/06\/FONTANERIA.png\u00bb title_text=\u00bbFONTANERIA\u00bb align=\u00bbcenter\u00bb _builder_version=\u00bb4.25.2&#8243; _module_preset=\u00bbdefault\u00bb width=\u00bb27%\u00bb custom_margin=\u00bb15px||||false|false\u00bb global_colors_info=\u00bb{}\u00bb][\/et_pb_image][et_pb_text _builder_version=\u00bb4.25.2&#8243; _module_preset=\u00bbdefault\u00bb header_font=\u00bb|700|||||||\u00bb header_2_font=\u00bb|700|||||||\u00bb header_2_text_color=\u00bb#2f3b66&#8243; global_colors_info=\u00bb{}\u00bb header_2_letter_spacing__hover_enabled=\u00bbon|desktop\u00bb]<\/p>\n<h2 style=\"text-align: center;\">Fontaner\u00eda<\/h2>\n<p>[\/et_pb_text][et_pb_button button_url=\u00bbhttps:\/\/wa.link\/8x95za\u00bb button_text=\u00bbContratar\u00bb button_alignment=\u00bbcenter\u00bb _builder_version=\u00bb4.25.2&#8243; _module_preset=\u00bbdefault\u00bb custom_button=\u00bbon\u00bb button_text_color=\u00bb#FFFFFF\u00bb button_bg_color=\u00bb#2f3b66&#8243; button_border_radius=\u00bb30px\u00bb button_font=\u00bbRoboto||||||||\u00bb custom_margin=\u00bb-23px||55px||false|false\u00bb global_colors_info=\u00bb{}\u00bb][\/et_pb_button][\/et_pb_column][et_pb_column type=\u00bb1_3&#8243; _builder_version=\u00bb4.25.2&#8243; _module_preset=\u00bbdefault\u00bb border_radii=\u00bbon|36px|36px|36px|36px\u00bb border_width_all=\u00bb2px\u00bb border_color_all=\u00bb#2f3b66&#8243; global_colors_info=\u00bb{}\u00bb][et_pb_image src=\u00bbhttps:\/\/construccionessaresa.com\/wp-content\/uploads\/2024\/06\/Albanileria.png\u00bb title_text=\u00bbAlba\u00f1ileria\u00bb align=\u00bbcenter\u00bb _builder_version=\u00bb4.25.2&#8243; _module_preset=\u00bbdefault\u00bb width=\u00bb27%\u00bb custom_margin=\u00bb15px||||false|false\u00bb global_colors_info=\u00bb{}\u00bb][\/et_pb_image][et_pb_text _builder_version=\u00bb4.25.2&#8243; _module_preset=\u00bbdefault\u00bb header_font=\u00bb|700|||||||\u00bb header_2_font=\u00bb|700|||||||\u00bb header_2_text_color=\u00bb#2f3b66&#8243; custom_padding=\u00bb||0px|||\u00bb global_colors_info=\u00bb{}\u00bb header_2_letter_spacing__hover_enabled=\u00bbon|desktop\u00bb]<\/p>\n<h2 style=\"text-align: center;\">Alba\u00f1iler\u00eda<\/h2>\n<p>[\/et_pb_text][et_pb_button button_url=\u00bbhttps:\/\/wa.link\/8x95za\u00bb button_text=\u00bbContratar\u00bb button_alignment=\u00bbcenter\u00bb _builder_version=\u00bb4.25.2&#8243; _module_preset=\u00bbdefault\u00bb custom_button=\u00bbon\u00bb button_text_color=\u00bb#FFFFFF\u00bb button_bg_color=\u00bb#2f3b66&#8243; button_border_radius=\u00bb30px\u00bb button_font=\u00bbRoboto||||||||\u00bb custom_margin=\u00bb-23px||55px||false|false\u00bb global_colors_info=\u00bb{}\u00bb][\/et_pb_button][\/et_pb_column][\/et_pb_row][et_pb_row column_structure=\u00bb1_3,1_3,1_3&#8243; _builder_version=\u00bb4.25.2&#8243; _module_preset=\u00bbdefault\u00bb width=\u00bb90%\u00bb global_colors_info=\u00bb{}\u00bb][et_pb_column type=\u00bb1_3&#8243; _builder_version=\u00bb4.25.2&#8243; _module_preset=\u00bbdefault\u00bb border_radii=\u00bbon|36px|36px|36px|36px\u00bb border_width_all=\u00bb2px\u00bb border_color_all=\u00bb#2f3b66&#8243; global_colors_info=\u00bb{}\u00bb][et_pb_image src=\u00bbhttps:\/\/construccionessaresa.com\/wp-content\/uploads\/2024\/06\/carpinteria.png\u00bb title_text=\u00bbcarpinteria\u00bb align=\u00bbcenter\u00bb _builder_version=\u00bb4.25.2&#8243; _module_preset=\u00bbdefault\u00bb width=\u00bb27%\u00bb custom_margin=\u00bb15px||||false|false\u00bb global_colors_info=\u00bb{}\u00bb][\/et_pb_image][et_pb_text _builder_version=\u00bb4.25.2&#8243; _module_preset=\u00bbdefault\u00bb header_font=\u00bbRoboto|700|||||||\u00bb header_2_font=\u00bb|700|||||||\u00bb header_2_text_color=\u00bb#2f3b66&#8243; global_colors_info=\u00bb{}\u00bb header_2_letter_spacing__hover_enabled=\u00bbon|desktop\u00bb]<\/p>\n<h2 style=\"text-align: center;\">Carpinter\u00eda<\/h2>\n<p>[\/et_pb_text][et_pb_button button_url=\u00bbhttps:\/\/wa.link\/8x95za\u00bb button_text=\u00bbContratar\u00bb button_alignment=\u00bbcenter\u00bb _builder_version=\u00bb4.25.2&#8243; _module_preset=\u00bbdefault\u00bb custom_button=\u00bbon\u00bb button_text_color=\u00bb#FFFFFF\u00bb button_bg_color=\u00bb#2f3b66&#8243; button_border_radius=\u00bb30px\u00bb button_font=\u00bbRoboto||||||||\u00bb custom_margin=\u00bb-23px||55px||false|false\u00bb global_colors_info=\u00bb{}\u00bb][\/et_pb_button][\/et_pb_column][et_pb_column type=\u00bb1_3&#8243; _builder_version=\u00bb4.25.2&#8243; _module_preset=\u00bbdefault\u00bb border_radii=\u00bbon|36px|36px|36px|36px\u00bb border_width_all=\u00bb2px\u00bb border_color_all=\u00bb#2f3b66&#8243; global_colors_info=\u00bb{}\u00bb][et_pb_image src=\u00bbhttps:\/\/construccionessaresa.com\/wp-content\/uploads\/2024\/06\/Suelos-de-madera.png\u00bb title_text=\u00bbSuelos de madera\u00bb align=\u00bbcenter\u00bb _builder_version=\u00bb4.25.2&#8243; _module_preset=\u00bbdefault\u00bb width=\u00bb27%\u00bb custom_margin=\u00bb15px||||false|false\u00bb global_colors_info=\u00bb{}\u00bb][\/et_pb_image][et_pb_text _builder_version=\u00bb4.25.2&#8243; _module_preset=\u00bbdefault\u00bb header_font=\u00bb|700|||||||\u00bb header_2_font=\u00bb|700|||||||\u00bb header_2_text_color=\u00bb#2f3b66&#8243; global_colors_info=\u00bb{}\u00bb header_2_letter_spacing__hover_enabled=\u00bbon|desktop\u00bb]<\/p>\n<h2 style=\"text-align: center;\">Suelos de madera<\/h2>\n<p>[\/et_pb_text][et_pb_button button_url=\u00bbhttps:\/\/wa.link\/8x95za\u00bb button_text=\u00bbContratar\u00bb button_alignment=\u00bbcenter\u00bb _builder_version=\u00bb4.25.2&#8243; _module_preset=\u00bbdefault\u00bb custom_button=\u00bbon\u00bb button_text_color=\u00bb#FFFFFF\u00bb button_bg_color=\u00bb#2f3b66&#8243; button_border_radius=\u00bb30px\u00bb button_font=\u00bbRoboto||||||||\u00bb custom_margin=\u00bb-23px||55px||false|false\u00bb global_colors_info=\u00bb{}\u00bb][\/et_pb_button][\/et_pb_column][et_pb_column type=\u00bb1_3&#8243; _builder_version=\u00bb4.25.2&#8243; _module_preset=\u00bbdefault\u00bb border_radii=\u00bbon|36px|36px|36px|36px\u00bb border_width_all=\u00bb2px\u00bb border_color_all=\u00bb#2f3b66&#8243; global_colors_info=\u00bb{}\u00bb][et_pb_image src=\u00bbhttps:\/\/construccionessaresa.com\/wp-content\/uploads\/2024\/06\/taladrador.png\u00bb title_text=\u00bbtaladrador\u00bb align=\u00bbcenter\u00bb _builder_version=\u00bb4.25.2&#8243; _module_preset=\u00bbdefault\u00bb width=\u00bb27%\u00bb custom_margin=\u00bb15px||||false|false\u00bb global_colors_info=\u00bb{}\u00bb][\/et_pb_image][et_pb_text _builder_version=\u00bb4.25.2&#8243; _module_preset=\u00bbdefault\u00bb header_font=\u00bb|700|||||||\u00bb header_2_font=\u00bb|700|||||||\u00bb header_2_text_color=\u00bb#2f3b66&#8243; custom_padding=\u00bb||0px|||\u00bb global_colors_info=\u00bb{}\u00bb header_2_letter_spacing__hover_enabled=\u00bbon|desktop\u00bb]<\/p>\n<h2 style=\"text-align: center;\">Montadores de Pladur<\/h2>\n<p>[\/et_pb_text][et_pb_button button_url=\u00bbhttps:\/\/wa.link\/8x95za\u00bb button_text=\u00bbContratar\u00bb button_alignment=\u00bbcenter\u00bb _builder_version=\u00bb4.25.2&#8243; _module_preset=\u00bbdefault\u00bb custom_button=\u00bbon\u00bb button_text_color=\u00bb#FFFFFF\u00bb button_bg_color=\u00bb#2f3b66&#8243; button_border_radius=\u00bb30px\u00bb button_font=\u00bbRoboto||||||||\u00bb custom_margin=\u00bb-23px||55px||false|false\u00bb global_colors_info=\u00bb{}\u00bb][\/et_pb_button][\/et_pb_column][\/et_pb_row][\/et_pb_section]<\/p>\n","protected":false},"excerpt":{"rendered":"<p>Servicios de gremioServicios a tu alcanceGremios Zaragoza: \u00a0Servicios de alta calidadCreemos que cada cliente es \u00fanico y merece una atenci\u00f3n personalizada. Escuchamos tus necesidades y te ofrecemos soluciones a medida, que se ajustan a tu presupuesto y expectativas. Nuestro objetivo es superar tus expectativas y dejarte completamente satisfecho con el resultado final.ElectricidadFontaner\u00edaAlba\u00f1iler\u00edaCarpinter\u00edaSuelos de maderaMontadores de [&hellip;]<\/p>\n","protected":false},"author":1,"featured_media":0,"parent":0,"menu_order":0,"comment_status":"closed","ping_status":"closed","template":"","meta":{"_et_pb_use_builder":"on","_et_pb_old_content":"","_et_gb_content_width":"","footnotes":""},"class_list":["post-8475","page","type-page","status-publish","hentry"],"_links":{"self":[{"href":"https:\/\/construccionessaresa.com\/index.php\/wp-json\/wp\/v2\/pages\/8475","targetHints":{"allow":["GET"]}}],"collection":[{"href":"https:\/\/construccionessaresa.com\/index.php\/wp-json\/wp\/v2\/pages"}],"about":[{"href":"https:\/\/construccionessaresa.com\/index.php\/wp-json\/wp\/v2\/types\/page"}],"author":[{"embeddable":true,"href":"https:\/\/construccionessaresa.com\/index.php\/wp-json\/wp\/v2\/users\/1"}],"replies":[{"embeddable":true,"href":"https:\/\/construccionessaresa.com\/index.php\/wp-json\/wp\/v2\/comments?post=8475"}],"version-history":[{"count":12,"href":"https:\/\/construccionessaresa.com\/index.php\/wp-json\/wp\/v2\/pages\/8475\/revisions"}],"predecessor-version":[{"id":8573,"href":"https:\/\/construccionessaresa.com\/index.php\/wp-json\/wp\/v2\/pages\/8475\/revisions\/8573"}],"wp:attachment":[{"href":"https:\/\/construccionessaresa.com\/index.php\/wp-json\/wp\/v2\/media?parent=8475"}],"curies":[{"name":"wp","href":"https:\/\/api.w.org\/{rel}","templated":true}]}}